ime factors of r.
5
Let y be 4 + -63*6/(6/(-3)). Let v = y - 97. List the prime factors of v.
2, 3
Suppose -2*q - 2 = -2*w, -4*w = -7 - 5. Suppose a = -4*o + 23 + 3, q*a + 2*o - 28 = 0. List the prime factors of a.
2, 5
Let w(b) = b**2 + 7*b - 5. Let o be w(-8). Let u(k) = -o*k - k - 3*k - 5 - 1. What are the prime factors of u(-5)?
29
Suppose 2*k + 2 = 3*k, -3*x - 2*k = -5146. What are the prime factors of x?
2, 857
Let i(j) = -14*j + 23. Let f(o) = -15*o + 24. Let s(x) = 2*f(x) - 3*i(x). Suppose 2*z = m + 11 + 5, 3*z - 2*m = 25. What are the prime factors of s(z)?
3, 7
Suppose 0 = -4*z + 5*i + 17, 0 = 7*z - 2*z + 3*i - 12. Suppose 2*v = -4*g + 106, 107 = -0*g + 4*g + z*v. Suppose 4*w - 2 = g. List the prime factors of w.
7
Let f = 21 + 15. Let c = f - 11. Suppose -95 = -2*h - c. List the prime factors of h.
5, 7
Let l(b) = -b**2 - 6*b + 9. Let j be l(-7). Suppose -2*r + 104 = p + 3*p, j*r - 132 = 3*p. What are the prime factors of r?
2, 3, 5
Let i = 76 - 31. Let x = 0 - -2. Suppose -a + i = x*a. List the prime factors of a.
3, 5
Suppose -3*n + 17717 = c, -919*n + 2*c = -914*n - 29510. List the prime factors of n.
2, 3, 41
Suppose 0 = -m + 3*m - 10. Suppose -5*t - a + 2570 = 0, -80*t + 85*t - 4*a - 2570 = 0. Suppose m*f + 129 - t = 0. List the prime factors of f.
7, 11
Let u be ((-14)/35)/(3/(-15)). Suppose 10*j = 11*j - u. List the prime factors of j.
2
Suppose -5*i = -5*v + 15, -4*v + 0*i + i = -3. Suppose -7*x + 371 = -v*x. List the prime factors of x.
53
Let o(w) = 5*w**2 - 6*w - 31. List the prime factors of o(7).
2, 43
Let q = -5 + 13. Suppose 0*m - 2*m - q = 0. Let o(y) = y**2 - 6*y - 6. What are the prime factors of o(m)?
2, 17
Let s(n) = -n + 7. Let l be s(-28). Let d be 2/(-8) - (-305)/4. Let p = d - l. List the prime factors of p.
41
Let m = 1 - 1. Let f(b) = -2*b + 94. Let p be f(m). Let h = p + -62. List the prime factors of h.
2
List the prime factors of ((-146)/(-5))/((-23)/(-345)).
2, 3, 73
Suppose h - 6*h + 20 = 0. Suppose -4 = 4*f, h*f + 20 + 46 = 2*z. What are the prime factors of z?
31
Suppose 56*u - 92880 = -24*u. List the prime factors of u.
3, 43
Let p be 148/111*(3258/4)/3. Suppose 0 = 5*d - p + 62. What are the prime factors of d?
2, 3, 5
Suppose y - 6314 = -13*y. List the prime factors of y.
11, 41
Let v = 127 - 127. Let z be 111*(-2 - (-3 - 0)). Suppose v = -3*c - 0*c + z. What are the prime factors of c?
37
Let f = -145 + 652. What are the prime factors of f?
3, 13
Let d = -829 - -1264. List the prime factors of d.
3, 5, 29
Suppose 0 = -3*p + 303 + 165. Suppose 3*d + w = -162, w + p = -3*d + 2*w. List the prime factors of -2 - -1*(-3 - d).
2, 3
Let m(w) = 2*w**2 - 9*w - 4. Let r be 46/6 + 14/(-21). Let o be m(r). Suppose -4*l - 15 = -o. What are the prime factors of l?
2
Let w(l) = l**3 - 7*l**2 + 5*l - 22. Let a be w(7). Suppose -2*p + 154 = o + a, -2*p + 4*o = -166. What are the prime factors of p?
73
Suppose -3*g + g = -5*v - 9, 3 = g - v. Suppose 0 = p - 4*l - 9 - 11, 0 = -g*p + 3*l + 45. What are the prime factors of p?
2, 3
Suppose l + 0*l - 4*o = -145, 4*l = 3*o - 554. Let k = -31 - l. What are the prime factors of k?
2, 53
Let m be -1 - (-4 + 3/1). Suppose 126 = 2*y + 5*c - m*c, 2*y = 5*c + 146. What are the prime factors of y?
2, 17
Let s be -4 - 1/((-3)/24). Suppose -2 = -2*z - 4*x, 0*z + z = -s*x - 5. Let f(n) = -n**3 + 7*n**2 + 4*n + 9. What are the prime factors of f(z)?
37
Let z be (-3 - 5)*2/(-4). Let v(r) = -r - 5. Let l be v(-5). Suppose l*y = z*u - 2*y - 230, 0 = -3*u - y + 185. List the prime factors of u.
2, 3, 5
Let w = -819 - -1188. List the prime factors of w.
3, 41
Let f be 8*(-3)/(-6) + -2. Let a(u) = 58*u - 1. Let x be a(f). Suppose 0*b - 68 = -2*b - z, -3*b + x = -5*z. What are the prime factors of b?
5, 7
Let z(a) = 2*a**3 + 17*a**2 + 21*a + 5. Let s(c) = -3*c**3 - 26*c**2 - 31*c - 8. Let y(g) = -5*s(g) - 7*z(g). List the prime factors of y(-10).
5
Suppose -3*y + 43 = 46, s = -5*y + 4219. What are the prime factors of s?
2, 3, 11
Let k = -1165 + 1742. List the prime factors of k.
577
Let s(o) = -o - 3. Let v be s(-8). Let m(x) = 14*x - 10. Let g be m(v). Suppose 5*b - 10*b + g = 0. What are the prime factors of b?
2, 3
Suppose 0 = 224*m - 227*m + 1035. What are the prime factors of m?
3, 5, 23
Let x(b) = 1 + 4 - b + 7 - 4. Let t be x(5). Suppose 4*u - 12 = -t*f, 0*u + 2*u + f = 8. List the prime factors of u.
2, 3
Suppose 3*r + 228 = 5*s, -5*r = s + 249 + 103. Let k = r - -136. List the prime factors of k.
5, 13
Let p(o) = 223*o**2 + 6*o - 14. What are the prime factors of p(3)?
2011
Let f(m) = 8*m**2 + 1. Let w be f(-1). Let v(d) = -d**2 + 8*d + 12. What are the prime factors of v(w)?
3
Let k = -33 - -57. Suppose -40 + k = 2*u. Let x = 6 - u. List the prime factors of x.
2, 7
Suppose -3*o - 2*o - 885 = 0. Let t = o - -301. Suppose 0 = 2*f + 2*f - t. List the prime factors of f.
31
Suppose -27*s + 26*s = -2. Suppose j + 195 = s*f - 185, 5*f - 952 = 3*j. What are the prime factors of f?
2, 47
Suppose 0 = -3*i - 3*a + 30, -3*i + 2*i + 15 = -4*a. Suppose i*d - 4*d = 665. Suppose -4*r + d = 3*l, 2*l - 2*r = 3*r + 94. What are the prime factors of l?
37
Suppose 5*n = -2*a - 50, -10 = -0*a + 2*a. List the prime factors of (-1068)/n*4/6.
89
Let n = -15 + 18. What are the prime factors of (-1*(n + -2))/(2/(-174))?
3, 29
Let b be 28/(-70) + 182/5. Let w = b - 15. What are the prime factors of w?
3, 7
Let j(n) = 11*n**2 + 11*n + 7. Let r(q) = -11*q**2 - 12*q - 7. Let f(z) = 4*j(z) + 3*r(z). What are the prime factors of f(5)?
2, 7, 23
List the prime factors of (1 + 1/2)/(39/21242).
19, 43
Suppose b = 4*n + 9, 2*b + 2*n - n - 9 = 0. Suppose -b + 0 = 5*a. List the prime factors of (1/a)/((-5)/20).
2
Suppose d + q = -71, -q = -4*d - 4*q - 281. Let s = d + 112. List the prime factors of s.
2, 11
Let b = 133 + 295. What are the prime factors of b?
2, 107
Suppose 2*o + 36 = 4*z + 6*o, -z = -5*o - 21. Let r(j) = -2*j**2 + 3*j**2 + 8*j + 5 - z. What are the prime factors of r(-9)?
3
Let s be 1*(-2)/3*-3. Let n(y) = -2*y**3 + 2*y**2 - y. Let g be n(-2). Let r = s + g. List the prime factors of r.
2, 7
Let f be -2*(-2)/(-10)*-20. Let j(q) = q**2 - 8*q + 3. Let i be j(f). What are the prime factors of i/18*74*3?
37
Let a be 2/12 - 76/24. List the prime factors of a + (-4)/1 + 30.
23
Let r = 768 + -361. List the prime factors of r.
11, 37
Let s = -79 - -280. Let x = s - 143. List the prime factors of x.
2, 29
Let k(d) = d + 13. Let y be k(-10). Suppose -2*s + 21 = -s - 3*j, j = y*s - 87. List the prime factors of s.
2, 3, 5
Let u(s) = -6*s**3 + 2*s**2 - s. Let q be u(2). Let w = q - 163. What are the prime factors of (w - 2)*6/(-18)?
3, 23
Let x(c) be the first derivative of c**3/3 - 2*c**2 + 8*c - 23. What are the prime factors of x(5)?
13
Let u(g) = g**2 - 12*g + 15. Suppose 18*v - 13*v = 95. Suppose -v + 8 = -k. What are the prime factors of u(k)?
2
Suppose 2*b - 8 = 0, -4*b + 7*b = 3*f + 30. Let z(k) = 3*k**2 - 2*k + 1. List the prime factors of z(f).
11
Let a(w) = -w**3 + 10*w**2 + 7*w - 3. Let l be a(5). Let k = -108 + l. List the prime factors of k*4*(-4)/(-16).
7
Suppose 6 = -0*c + 3*c. Let m(r) = 21*r**2 - 2. List the prime factors of m(c).
2, 41
Suppose -6*y = -5*y + 139. Let h = -49 - y. List the prime factors of h.
2, 3, 5
Suppose -13 + 69 = 7*y. Let x be y/28 - (-160)/28. Suppose x + 9 = s. List the prime factors of s.
3, 5
Suppose -3*b + 246 = 4*s - 0*s, -2*b + 3*s + 147 = 0. Suppose -36 = -i - f + 6*f, -3*i + 5*f = -b. What are the prime factors of i?
3, 7
Suppose 8*a - 1956 - 116 = 0. List the prime factors of a.
7, 37
Let z = 13 + -11. Suppose z*c + 2 = -2. What are the prime factors of -29*(-2 + 1) - c?
31
What are the prime factors of 24/(-7 - 460/(-65))?
2, 3, 13
Let l(g) = -2*g**3 + 10*g**2 + g - 87. What are the prime factors of l(-8)?
3, 523
Let i(d) = -6*d + 1. Let w(y) = 7*y - 1. Let t(l) = -6*i(l) - 5*w(l). Let v be t(3). Suppose v*o = o + 3. List the prime factors of o.
3
Suppose -2 = -s - 0. Suppose -p = -3*x + 388, 7*x - 4*p = 11*x - 512. Suppose -x = -s*f + c, -f + 6*c - c = -87. What are the prime factors of f?
2, 31
Let a(j) = 2*j**2 - 2*j + 4. Let s be a(3). Let d = s + 9. List the prime factors of d.
5
List the prime factors of ((-27822)/(-15))/2 - (-27)/45.
2, 29
Let k 